x(v).
4
Let r(p) be the second derivative of -p**4/4 + p**3/6 + 5*p**2/2 + 2*p. Let k(i) = -i**2 + i. Let u(o) = -4*k(o) + r(o). Give u(4).
9
Suppose -3*h + p + 15 = -0*p, -p = 2*h - 15. Suppose -7*l = -h*l + 1. Let s(w) be the second derivative of -w**3 - w**2/2 - w. What is s(l)?
5
Let v = -5 - 2. Let o(t) = t + 11. Let z(h) = -1. Let w(c) = o(c) + 4*z(c). Determine w(v).
0
Let z be ((-12)/(-14))/((-1)/7). Suppose -2*y = -q - 1 + 4, -q - 4*y - 21 = 0. Let b = z - q. Let n(c) = 6*c. Determine n(b).
-6
Let s = 3 + -5. Let g(d) be the first derivative of -1/2*d**2 - 12 - 2/3*d**3 + d. Give g(s).
-5
Let r(s) = -3*s - 4. Let v be r(-3). Let p(c) = -3*c + 7. Let y(d) = 3*d - 6. Let x(l) = v*y(l) + 4*p(l). Determine x(2).
4
Let a(d) = -4*d. Let v(t) be the first derivative of -t**3/3 + 5*t**2/2 + t - 5. Let q be v(5). Calculate a(q).
-4
Let v(u) = u**3 + 5*u**2 - 6*u - 7. Suppose 26 = -5*n - 2*d, -4*d - 14 = n - 8*d. Determine v(n).
-7
Let z be (-48)/6 + (1 - -1). Let o(t) = -t**3 - 5*t**2 + 6*t + 4. Determine o(z).
4
Let s(v) = v + 4. Suppose 0 = 49*w - 50*w. Give s(w).
4
Let c be 7/((-105)/6)*-10. Let n(o) = -o**2 + 3. Give n(c).
-13
Let g be -1 + 2 + -2*2. Suppose v - 2*v + 4 = 0. Let m(y) = y**2. Let a(r) = r**3 + 9*r**2 + 4*r + 3. Let t(o) = v*m(o) - a(o). Determine t(g).
-9
Let d(l) be the second derivative of 1/6*l**3 + 0 + l + 3*l**2. Let x be (-4)/6 - (-4)/6. Calculate d(x).
6
Let u(y) = 127*y - 6 - 248*y - y**2 + 127*y. Determine u(5).
-1
Let p be -2 - -1*(-2 - -3). Let f be 2 - (-1)/(-1)*1. Let n = p - f. Let j(c) = c**3 + 2*c**2. Give j(n).
0
Let c(n) = 391 - 193 + 2*n - 197. Calculate c(4).
9
Suppose -3 = -2*a - 11. Let m(k) be the first derivative of k**2/2 + 5*k - 29. What is m(a)?
1
Let g be (-40)/10 - -7*1. Let z(o) = o**3 - 3*o**2 + o - 2. Determine z(g).
1
Let a be 142/7 + (-2)/7. Suppose z = 4*z + 4*n + 12, 0 = 5*z + 3*n + a. Let t(c) = -57 + c**2 + 3*c + 62 + 3*c. What is t(z)?
-3
Let c(r) = r - 9. Suppose 3*s + 2 = -i, 4*s - i - 8 = 3*i. What is c(s)?
-9
Let d(m) = 16 - 6*m - m + 2*m + 4*m. What is d(11)?
5
Let q = 12 - 10. Let d(p) = 2 + 6 + p**q - 8 - p. Determine d(0).
0
Let n(p) = -p**2 + 7*p + 3. Let f be n(9). Let c = 1 - f. Let q(j) = -c - j**3 - j + 2*j + 5*j**2 + 11. Determine q(5).
0
Let f(h) be the third derivative of -h**6/120 + h**5/60 + 2*h**3/3 + 3*h**2. Determine f(0).
4
Suppose -3 = x - 0*x. Let d be 2/(-2) - (1 - x). Let n(h) = 2*h + 1. Give n(d).
-9
Suppose -5*z + 10 = -0*z. Suppose 0 = i + 3 + z. Let h(g) = g + 11. Give h(i).
6
Let p(x) be the third derivative of -x**4/8 + 2*x**3/3 - 17*x**2. Determine p(4).
-8
Let x be 3/(-1)*(-2 - -1). Let q be (-4 + (x - 1))/(-2). Let j = 2 - q. Let w(v) = -2*v**3 - v**2 + v. Give w(j).
-2
Let i(c) be the first derivative of c**3/3 + 3*c**2 + 6*c + 11. Determine i(-4).
-2
Suppose -2*s + 17 = 5*u, -s - 10 = -3*u - 2*s. Let j = -7 + 10. Let n(o) = 2*o**3 + 4*o**u - 2*o**j. Determine n(1).
4
Let w(d) = d + 6. Let h = -108 + 101. Give w(h).
-1
Let b(k) = -k**2 - 2*k + 4. Suppose 4*y + 12 = 5*d, -5*d + 1 = y + 4. What is b(y)?
1
Let d(c) be the third derivative of -c**6/30 - c**4/12 + c**3/6 - 6*c**2. Determine d(1).
-5
Let v(l) = -6*l**2 + l - 1. Let b(x) = 1 - x - x**3 + x + x + 2*x**2. Let c be b(0). Calculate v(c).
-6
Let k(g) be the second derivative of 5*g**4/12 - g**3/2 + 3*g**2/2 - 6*g + 2. Give k(2).
17
Let s(t) be the second derivative of -1/10*t**5 + 0 + 1/4*t**4 - 1/6*t**3 - t + t**2. Let o be s(2). Let l(j) = -2*j - 1. Give l(o).
7
Let g(z) = 2*z - 8. Let t(m) = -m + 4. Let h(j) = 6*g(j) + 11*t(j). Suppose 5 + 13 = 6*r. Determine h(r).
-1
Suppose -4*x = x - 180. Suppose u + 4*g - 8 = 4, 0 = 4*u + 4*g - x. Let l be u/3*6/(-4). Let d(a) = a**3 + 5*a**2 + 4*a + 3. Calculate d(l).
3
Let g(a) = -5*a + 5. Suppose 5*o - 9 - 6 = 0. Let l(u) = -5*u + 4. Let d(q) = o*g(q) - 4*l(q). Let i = -8 + 7. Calculate d(i).
-6
Let y(h) = -4*h**2 - 1. Let g(a) = -a + 8. Let p(x) = 3*x - 15. Let d(q) = 5*g(q) + 2*p(q). Let j be d(-9). What is y(j)?
-5
Suppose -c + 8*c = -42. Let a(l) = l**2 + 7*l - 7. What is a(c)?
-13
Let k be ((-1)/(-2))/(6/(-72)). Let n(g) be the third derivative of -g**6/120 - g**5/12 + 5*g**4/24 - g**3/2 + 2*g**2. Determine n(k).
3
Let w(l) = 8*l**2 + 7*l + 6. Let p(s) = 7*s**2 + 6*s + 5. Let m(k) = -7*p(k) + 6*w(k). Determine m(-2).
-3
Let m(k) = k - 7. Let u = -29 + 34. Calculate m(u).
-2
Let y = 17 - 12. Let s(z) = 4*z**2 + 11*z - 8. Let h(i) = -3*i**2 - 10*i + 7. Let v(u) = -5*h(u) - 4*s(u). Determine v(y).
2
Let y = 2 + -1. Let g(l) = 10*l - 2*l - 3*l + l**2 + y. What is g(-4)?
-3
Let g(f) be the third derivative of -f**5/60 + f**4/4 - f**3/2 - f**2 - 32*f. Calculate g(4).
5
Let y(b) = b**2 + b - 8. Let a(p) = 3*p. Let d(t) = -4*t. Let v(o) = -5*a(o) - 4*d(o). Let n be v(0). Let g be ((-4 - -3)*n)/(-2). What is y(g)?
-8
Let h(y) be the third derivative of y**9/60480 + y**8/2880 + y**7/840 - y**5/60 - 3*y**2. Let v(w) be the third derivative of h(w). What is v(-6)?
0
Let a(z) = 2*z**2 + 4*z + 3. Suppose 4*b = -4*v - 68, 4*v + 2*b = b - 83. Let s = -24 - v. Give a(s).
3
Suppose -1 = 4*j - 9. Suppose -2*c + 45 = -5*m + 14, -3*c + j*m + 19 = 0. Suppose c*k + 9 = -6. Let l(w) = -w - 4. Give l(k).
1
Suppose -h + 7*v - 3*v = -6, 2 = 2*h - 3*v. Let b(a) = 3*a**2 - 1 - 18*a - 5*a**2 + 16*a - a**3. Give b(h).
3
Let i(g) = g**2 + 6*g + 2. Let z(q) = 2*q**2 + 7*q + 3. Let r(d) = -3*i(d) + 2*z(d). Let o be (5/(-3))/(8/24). Let w(x) = -2*x - 7. Let y be w(o). Give r(y).
-3
Suppose 5*t = 6*w - 3*w - 2, -2*t - 5*w = -24. Let f(m) = -m**2 - 4 + t + 6 + 6*m. What is f(6)?
4
Let m(a) be the third derivative of a**5/60 + a**4/8 + a**3/2 - 2*a**2. What is m(-4)?
7
Let i(u) = -u - 3. Let h(f) = -2*f - 6. Let l(c) = -h(c) + 3*i(c). Give l(-12).
9
Let l(m) be the first derivative of 1/2*m**2 - 6*m + 4. Determine l(5).
-1
Let x(a) = a**2 - 2*a. Let j = -21 + 19. Calculate x(j).
8
Let h(r) = r + 6. Let a(i) = -2*i - 13. Let m(v) = -2*a(v) - 5*h(v). Give m(-6).
2
Let c(x) = -x. Let g = -1 - -3. Let a be (-2)/(g - 9/6). Determine c(a).
4
Let w(p) be the first derivative of p**4/4 + p**3/3 + p**2/2 + p + 6. Determine w(0).
1
Let n(w) = 3 + w**2 - 2 + 4 + 4 + 10*w. Calculate n(-8).
-7
Let a(l) = -l**3 - 14*l**2 - 12*l + 19. Let i be a(-13). Let k(z) = -z**2 + 6*z - 5. What is k(i)?
-5
Let i(p) be the first derivative of -p**2 + 4*p - 7. Determine i(6).
-8
Let k(b) = -24*b**2 - 14. Let g(f) = 5*f**2 + 3. Let x(v) = -28*g(v) - 6*k(v). Let p = 0 + 2. Let c be 0 + 2 + p + -3. Determine x(c).
4
Let i(y) = 13*y - 5. Let f(x) = -1. Let o(q) = 4*f(q) - i(q). Calculate o(1).
-12
Let p(c) = c + 11. Suppose 2*b - 9 + 19 = 0. Give p(b).
6
Let c(n) = 2*n + 14 - n - 15. Let m be c(2). Let q(g) = 3*g. Calculate q(m).
3
Suppose 17 + 6 = 4*i + k, i - 3*k = -4. Suppose j - i*j + 16 = 0. Let q(x) = x**3 - 5*x**2 + 3*x + 4. Calculate q(j).
0
Let d = -30 - -16. Let j = d - -23. Suppose m + 2*m + j = -5*q, m - 4*q - 14 = 0. Let g(r) = r**3 - r**2 + r + 1. Give g(m).
7
Let w(n) = -n**2 + 4. Let u = 2 + -2. Suppose -5*v = -20, -20 = -u*q - 3*q - 5*v. Determine w(q).
4
Let d(u) be the first derivative of u**4/4 - 3*u**2/2 + u + 8. Give d(3).
19
Let u(f) = 0*f**3 + 2 + 4*f - 5*f**2 - 9*f - 2*f + f**3. Suppose -3*g = 3, 0*g + 5*g + 17 = 2*m. Give u(m).
-4
Let q(n) be the second derivative of n**3/3 + 3*n**2/2 - n. Let v(i) = i**3 + 29*i**2 + 28*i - 5. Let x be v(-28). What is q(x)?
-7
Let f(r) be the third derivative of 0*r + 0 + 1/24*r**4 - r**3 - 3*r**2. What is f(5)?
-1
Let s be 2 + (-1 + -1)/2. Suppose s = -g + 5. Let d(i) = 3*i + 6*i + 2 - g*i. What is d(2)?
12
Let b(s) be the first derivative of -s**3/3 - 1. Let z(r) = r**3 - 3*r**2 + 3*r. Let i be z(2). Suppose 0*c = i*c. Calculate b(c).
0
Let a(d) = d + 4. Let t be a(-6). Let l(q) = -5*q**3 + 3*q**2 + 4*q - 5. Let z(y) = 3*y**3 - y**2 - 2*y + 3. Let r(m) = -4*l(m) - 7*z(m). What is r(t)?
-9
Let f(g) = 3*g**2 + 4*g - 3*g**3 - 2*g + 2 - 2*g**3 + 4*g**3. Let t(i) = -i**3 + 2*i**2 + 3*i + 3. Let r be t(3). Give f(r).
8
Let z(f) be the third derivative of -f**6/120 + f**5/12 - f**4/6 + f**3/6 - f**2. Let h = 36 - 16. Let a be 5*(24/h)/2. Give z(a).
7
Let u = 8 - 4. Suppose u*q - 4*t = 8, -2*q + 5*t + 0 = -13. Let v(j) = 3*j**3 + j**2 - j - 1. Calculate v(q)